{"id":1556,"date":"2023-12-19T09:59:33","date_gmt":"2023-12-19T09:59:33","guid":{"rendered":"https:\/\/apmprint.com\/?post_type=product&#038;p=1556"},"modified":"2023-12-20T06:19:25","modified_gmt":"2023-12-20T06:19:25","slug":"d300-ir-dryer","status":"publish","type":"product","link":"https:\/\/apmprint.com\/de\/produkt\/d300-ir-dryer\/","title":{"rendered":"D300 IR-Trockner"},"content":{"rendered":"<p><strong>Anwendung:<\/strong><\/p>\n<p>Geeignet f\u00fcr Tampondruck-Trocknung<\/p>\n<p>&nbsp;<\/p>\n<p><strong>Technische Daten<\/strong><\/p>\n<table>\n<tbody>\n<tr>\n<td width=\"46.1200%\">Temperatur<\/td>\n<td width=\"53.8600%\">Raumtemperatur~180\u2103 einstellbar<\/td>\n<\/tr>\n<tr>\n<td width=\"46.1200%\">Heizleistung<\/td>\n<td width=\"53.8600%\">4.2KW<\/td>\n<\/tr>\n<tr>\n<td width=\"46.1200%\">Geschwindigkeitsanpassungsmodus<\/td>\n<td width=\"53.8600%\">elektronischer stufenloser Betrieb<\/td>\n<\/tr>\n<tr>\n<td width=\"46.1200%\">Stromversorgung<\/td>\n<td width=\"53.8600%\">380V\/50HZ<\/td>\n<\/tr>\n<tr>\n<td width=\"46.1200%\">Innere Gr\u00f6\u00dfe<\/td>\n<td width=\"53.8600%\">200*350*350mm<\/td>\n<\/tr>\n<tr>\n<td width=\"46.1200%\">Gr\u00f6\u00dfe des G\u00fcrtels<\/td>\n<td width=\"53.8600%\">1600(L)*300(B)mm<\/td>\n<\/tr>\n<tr>\n<td width=\"46.1200%\">Gewicht<\/td>\n<td width=\"53.8600%\">60kgs<\/td>\n<\/tr>\n<\/tbody>\n<\/table>\n<p>&nbsp;<\/p>\n<p><strong>Muster:<\/strong><\/p>\n<p><img loading=\"lazy\" decoding=\"async\" class=\"size-full wp-image-1557\" src=\"http:\/\/apmprint.com\/wp-content\/uploads\/2023\/12\/17029797783081.png\" alt=\"d300 ir dryer\" width=\"141\" height=\"124\" srcset=\"https:\/\/apmprint.com\/wp-content\/uploads\/2023\/12\/17029797783081.png 141w, https:\/\/apmprint.com\/wp-content\/uploads\/2023\/12\/17029797783081-14x12.png 14w\" sizes=\"auto, (max-width: 141px) 100vw, 141px\" \/><\/p>","protected":false},"excerpt":{"rendered":"<p><strong>Beschreibung:<\/strong><\/p>\n<ol>\n<li>Hocheffizientes IR-Lampen-Heizsystem aus Glas.<\/li>\n<li>Luftzirkulation im Inneren des Tunnels.<\/li>\n<li>Geh\u00e4use und G\u00fcrtel aus Edelstahl mit seitlichen Verst\u00e4rkungen.<\/li>\n<li>Arbeitsh\u00f6he des Einlasses einstellbar<\/li>\n<li>Abluftsystem zur Abk\u00fchlung der Umgebungsluft.<\/li>\n<\/ol>","protected":false},"featured_media":1620,"template":"","meta":{"_acf_changed":false,"_seopress_robots_primary_cat":"none","_seopress_titles_title":"","_seopress_titles_desc":"","_seopress_robots_index":""},"product_brand":[],"product_cat":[45],"product_tag":[71],"class_list":{"0":"post-1556","1":"product","2":"type-product","3":"status-publish","4":"has-post-thumbnail","6":"product_cat-drying-oven","7":"product_tag-accessories","9":"first","10":"instock","11":"shipping-taxable","12":"product-type-simple"},"acf":[],"_links":{"self":[{"href":"https:\/\/apmprint.com\/de\/wp-json\/wp\/v2\/product\/1556","targetHints":{"allow":["GET"]}}],"collection":[{"href":"https:\/\/apmprint.com\/de\/wp-json\/wp\/v2\/product"}],"about":[{"href":"https:\/\/apmprint.com\/de\/wp-json\/wp\/v2\/types\/product"}],"wp:featuredmedia":[{"embeddable":true,"href":"https:\/\/apmprint.com\/de\/wp-json\/wp\/v2\/media\/1620"}],"wp:attachment":[{"href":"https:\/\/apmprint.com\/de\/wp-json\/wp\/v2\/media?parent=1556"}],"wp:term":[{"taxonomy":"product_brand","embeddable":true,"href":"https:\/\/apmprint.com\/de\/wp-json\/wp\/v2\/product_brand?post=1556"},{"taxonomy":"product_cat","embeddable":true,"href":"https:\/\/apmprint.com\/de\/wp-json\/wp\/v2\/product_cat?post=1556"},{"taxonomy":"product_tag","embeddable":true,"href":"https:\/\/apmprint.com\/de\/wp-json\/wp\/v2\/product_tag?post=1556"}],"curies":[{"name":"wp","href":"https:\/\/api.w.org\/{rel}","templated":true}]}}

<p><strong>Anwendung:</strong></p>
<p>Geeignet für Tampondruck-Trocknung</p>
<p>&nbsp;</p>
<p><strong>Technische Daten</strong></p>
<table>
<tbody>
<tr>
<td width="46.1200%">Temperatur</td>
<td width="53.8600%">Raumtemperatur~180℃ einstellbar</td>
</tr>
<tr>
<td width="46.1200%">Heizleistung</td>
<td width="53.8600%">4.2KW</td>
</tr>
<tr>
<td width="46.1200%">Geschwindigkeitsanpassungsmodus</td>
<td width="53.8600%">elektronischer stufenloser Betrieb</td>
</tr>
<tr>
<td width="46.1200%">Stromversorgung</td>
<td width="53.8600%">380V/50HZ</td>
</tr>
<tr>
<td width="46.1200%">Innere Größe</td>
<td width="53.8600%">200*350*350mm</td>
</tr>
<tr>
<td width="46.1200%">Größe des Gürtels</td>
<td width="53.8600%">1600(L)*300(B)mm</td>
</tr>
<tr>
<td width="46.1200%">Gewicht</td>
<td width="53.8600%">60kgs</td>
</tr>
</tbody>
</table>
<p>&nbsp;</p>
<p><strong>Muster:</strong></p>
<p><img loading="lazy" decoding="async" class="size-full wp-image-1557" src="http://apmprint.com/wp-content/uploads/2023/12/17029797783081.png" alt="d300 ir dryer" width="141" height="124" srcset="https://apmprint.com/wp-content/uploads/2023/12/17029797783081.png 141w, https://apmprint.com/wp-content/uploads/2023/12/17029797783081-14x12.png 14w" sizes="auto, (max-width: 141px) 100vw, 141px" /></p>

<p><strong>Beschreibung:</strong></p>
<ol>
<li>Hocheffizientes IR-Lampen-Heizsystem aus Glas.</li>
<li>Luftzirkulation im Inneren des Tunnels.</li>
<li>Gehäuse und Gürtel aus Edelstahl mit seitlichen Verstärkungen.</li>
<li>Arbeitshöhe des Einlasses einstellbar</li>
<li>Abluftsystem zur Abkühlung der Umgebungsluft.</li>
</ol>
